+ 13
10
What is the value of 6 + 6 - 6 - (-4 + -1)?
11
(1 - 1) + (5 - 17 - -17)
5
-3 - (2 - (1 + -1))
-5
Evaluate 7 - (3 - -1 - (3 + -1)).
5
Calculate -3 + 0 - (3 - (2 + 7)).
3
Evaluate (3 + -1 - 13) + 24 + -19.
-6
Calculate 8 + (10 - 7) + 1 - 7.
5
What is the value of 5 + (-1 - -4 - 7)?
1
What is -2 + -1 + 2 + 1 + 2?
2
What is -1 + 1 + 1 + -1?
0
What is 0 + -15 + 33 + -25 - 3?
-10
Calculate 13 + (-9 - -1) + 4.
9
What is -3 + (-2 - 3) + 1?
-7
(1 - (1 - 4)) + -13 + 4
-5
Calculate (-30 - -18) + 6 + 0 - -6.
0
What is (1 + 2 - 2 - -1) + 5?
7
Evaluate -10 - -14 - (0 + 5) - -5.
4
What is the value of -6 + (20 + -9 - 9)?
-4
What is 2 + -5 - (-7 + 6 + 1)?
-3
Evaluate -7 + (4 - -3) + -6.
-6
Evaluate 33 + -33 + 4 + -1 + 1.
4
Evaluate (1 - (-3 - -7)) + 0 + -1.
-4
Evaluate -1 + -2 - (3 - (4 - 2)).
-4
What is the value of 2 + (-5 - -5) - 5?
-3
What is 3 - (1 + 3) - 3?
-4
Calculate -2 + -5 + (18 - 10) + -7.
-6
Evaluate (1 - 7) + -3 + (1 - -3).
-5
5 - 2 - 2 - -1
2
What is the value of -1 + -6 + 12 - (1 - -2)?
2
What is the value of (20 - 1) + -24 + 12?
7
What is the value of 4 + (-3 - -5) + -9?
-3
Evaluate (-3 - -1) + 6 - (1 - -1).
2
What is (-33 - -41) + -1 + -5?
2
-4 - (5 + -9 - (3 + -7))
-4
Calculate -2 - (-5 - (-2 - 0)).
1
What is 1 + -3 + (-133 - -138)?
3
Calculate (-3 - (4 + 0 + -10)) + 0.
3
Evaluate (92 - 93) + -3 + 1.
-3
What is -6 - (-9 + (5 - 1))?
-1
(5 - (6 - 9)) + -14
-6
What is (3 - 1) + 4 - (-47 - -51)?
2
What is the value of 6 + 11 + -4 + -13?
0
2 - (-10 + 4) - (1 - -1)
6
(1 - 5) + -3 - (-3 + -9)
5
What is 4 + (0 - -2) + -4 + -2?
0
What is the value of 10 + (4 - 12) + (-1 - -5)?
6
What is the value of (2 - 9) + (14 - 3)?
4
Evaluate -4 + 5 - (-7 - -7).
1
What is the value of -8 - -6 - (2 - (-5 - -3))?
-6
Evaluate -3 + (-5 - -7) + 0.
-1
What is (-1 - -3 - (8 - 6)) + -1?
-1
(7 - (0 + 18)) + 3
-8
What is 0 - 7 - -3 - -2?
-2
(1 - 3 - -6) + 21 + -24
1
Calculate (1 - (0 - -3)) + -2 + -1.
-5
-2 + 6 + -7 + -2
-5
What is the value of (-3 - 2) + (-3 - -3)?
-5
What is (3 + -1 - -4) + -2?
4
What is 8 + -3 + (2 - (10 + -4))?
1
What is the value of -8 - -27 - 5 - 23?
-9
Evaluate 0 + (24 - 25 - (-8 + 1)).
6
5 + -10 + (1 - -5) + -8
-7
3 + -10 - (-1 - 1)
-5
What is (-6 - (-17 + 6)) + -1?
4
What is the value of -3 - (-4 + 4 + 2)?
-5
Calculate (3 - (2 - -1 - -3)) + 2.
-1
What is the value of 3 + -1 - (3 + 2)?
-3
What is the value of -14 + 6 + 4 + (-1 - -7)?
2
0 + -6 + -3 + 5 + -2
-6
What is the value of -5 + (-5 - -2 - -3) + -2?
-7
Evaluate 2 + (-1 - (1 - (8 - 6))).
2
Calculate 6 + (3 - 6) - 4.
-1
What is 6 + (-9 - (1 + -1 + -5))?
2
What is the value of (0 - 2 - (5 - 3)) + 2?
-2
Calculate 79 + -72 - (2 - -6).
-1
What is -18 - -9 - (-6 + -3 + 3)?
-3
What is the value of 4 + 1 + (-5 - 1)?
-1
What is 0 + (6 + -14 - -1)?
-7
Calculate -9 - (-9 + (11 - (7 + -2))).
-6
What is 3 + (4 - 11) - 1?
-5
What is (8 - 6) + 2 + -4?
0
Calculate 1 + 4 + -4 + 2 + -1.
2
What is the value of 2 - (-1 - 1 - (-80 - -81))?
5
Calculate 5 + -10 + 5 + -14 + 9.
-5
Calculate (2 - 3 - -5) + -4.
0
What is (-2 - -2) + -3 - (40 + -51)?
8
-5 - (-6 - 0 - (-6 + -1))
-6
Evaluate (-4 - (-2 + 0)) + 7.
5
-2 + -8 - -11 - (-1 - -4)
-2
(3 - 14) + 4 + (0 - -2)
-5
Evaluate -4 - ((3 - 5) + -2).
0
Calculate (2 - (-3 - -3)) + 1.
3
Evaluate (-8 - (4 + -15)) + (-4 - 1).
-2
0 + 2 + (-3 + 1 - -2)
2
What is the value of (10 - (-7 + 12)) + -6?
-1
-13 - (-38 + 14 + 0)
11
What is the value of -6 + 1 - (4 - 10)?
1
Evaluate -4 + (0 - (-7 + 5)) + -1.
-3
What is the value of -9 - -12 - (3 + 0)?
0
Calculate 7 + -3 + 7 + -7.
4
1 + -3 - (27 + (-21 - 14))
6
6 - (-2 + 5 - (-2 - 0))
1
-19 + 17 + 14 + 1 - 6
7
What is the value of (5 - (4 + -1)) + (2 - 3)?
1
Evaluate 4 - -5 - (2 + 1 + 1).
5
-3 - (-1 + -4) - (0 + 5)
-3
What is (-9 - -20 - 15) + 0?
-4
Calculate (-3 - -2) + 1 + (-5 - -2).
-3
Evaluate 4 + -14 + 2 - (-5 - 0).
-3
Calculate 1 + (1 + -1 - -3).
4
-6 + 6 - (1 - (-2 - -3))
0
What is the value of -2 + 7 - (19 + -11)?
-3
What is the value of -3 - (24 - 28 - (0 + -6))?
-5
(-1 - -12) + -7 - 1
3
What is the value of 43 - 44 - (-2 - (0 + 0))?
1
What is (-4 - -14) + 6 + -12?
4
-5 + 7 + 1 - -1
4
What is (-7 - (-2 + -3 + -1)) + 7?
6
(8 - (9 + -11)) + -1
9
-50 - -63 - (-2 - -13)
2
-5 + (0 - (-8 + 3 - -4))
-4
Calculate -1 - 4 - (-37 + 37).
-5
Evaluate -4 + 4 - (-15 + 9).
6
What is the value of 2 + (4 + -3 - 3)?
0
4 - (-13 - -18) - (2 + -1)
-2
Evaluate 30 + -7 + (-16 - -2).
9
Evaluate (-4 - -5) + -2 + 2.
1
What is the value of (8 - -1) + 1 + -17?
-7
(-1 - 5) + 3 - -1
-2
Calculate -7 + (17 - 10 - 3).
-3
What is the value of -4 + (-4 - 0) - -4?
-4
What is -2 + 1 - (13 - 15)?
1
-2 + (-5 - -3) - (0 + 2)
-6
-5 - (-13 + 15 + -4)
-3
Evaluate -3 - (-1 + 2 + 2 + -11).
5
Evaluate (9 - (0 + 1)) + 8 + -11.
5
What is 70 + -75 - (1 + 0 + -4)?
-2
What is the value of (1 - -4) + (-12 - 11) + 14?
-4
-18 + 8 + 2 + -1 + 2
-7
What is 1 - (12 + -5 - 2 - 9)?
5
Evaluate -1 + (1 + 3 - 0) + -1.
2
What is -7 + (-8 + 19 - 5)?
-1
Calculate -5 + (1 - -14) + -7.
3
(-1 + 2 - 2) + (-1 - 1)
-3
Calculate -1 + (-2 - 3) + 2.
-4
Calculate (-7 - -3) + (-1 - -7).
2
Evaluate (4 + -1 + 7 - 4) + 2.
8
What is (-1 - 0) + (-11 - -8)?
-4
(0 - -3) + (-7 + 14 - 4)
6
What is the value of 6 - (-1 + 6 - (5 + -1))?
5
What is the value of -9 + (-6 - -11) + 0?
-4
Calculate -3 + -3 + (3 - 3 - -2).
-4
Calculate (-4 - -8) + (2 - 10) + 0.
-4
What is the value of 5 - (1 - (-10 - -1))?
-5
Calculate -8 + (18 - (5 - -3)).
2
-38 + 38 - (-1 - -3)
-2
2 - (9 + -11 - -7)
-3
0 - (-4 - (-1 - -3 - 1))
5
What is the value of 1 - (-5 + 10 - 10) - 5?
1
(1 - 3) + 1 + -5 + 4
-2
Calculate -10 - -2 - (1 + -6 + 1).
-4
What is the value of (2 - 2 - -7) + -4?
3
Evaluate (-3 - -1) + 0 - (-1 + -1).
0
What is 11 + (-1 - 1) + 2?
11
What is 3 - -7 - (6 - 4)?
8
Calculate (-2 - 4) + 2 - -3.
-1
Evaluate 3 - (3 + -4) - 4.
0
What is the value of (2 - (-2 + 2)) + 3?
5
Calculate -1 - 3 - (4 + 1 + -6).
-3
(1 - -1 - (18 + -12)) + 2
-2
What is the value of (5 - (-6 - -10)) + (1 - 5)?
-3
What is the value of 1 + (3 - (-3 + 2)) + -2?
3
What is 3 + 0 - (-48 + 56)?
-5
What is the value of 5 - (-4 + 5 + 4)?
0
Calculate -1 + -13 + 9 + 0 + 1.
-4
Calculate (-1 - (-2 - 1)) + -39 + 45.
8
What is 2 + (-4 + 4 + -3 - 2)?
-3
8 + -9 - -3 - 2
0
What is (-4 - (-3 + -5 + 5)) + -2?
-3
-1 + 2 - -9 - 5
5
What is -1 - -9 - (-16 + 5 - -14)?
5
What is (2 - 1) + -20 - -10?
-9
What is (0 - (-2 - 0 - -3)) + 5?
4
-6 + (19 - 2) - 6
5
10 + -8 - (2 + -1)
1
What is the value of -3 - ((-8 - -6) + 8 + -4)?
-5
(3 - 1 - 5) + (0 - 0)
-3
What is 6 - ((-8 - -12) + -3 + 0)?
5
-9 + 8 - (-5 - 0)
4
Evaluate -1 - -3 - (5 + 6).
-9
1 + (4 - 7 - -5) - 1
2
What is (-2 - (-3 + -5)) + (-8 - -3)?
1
Evaluate (-5 - 4) + 5 + 1.
-3
Calculate -3 + (6 - (-1 - 0)) + -5.
-1
What is -9 + 3 - -8 - (0 - 0)?
2
Evaluate (-1 - -6) + 2 + -3 - 2.
2
What is 6 - (0 - -5 - (17 + -14))?
4
What is the value of -2 + -1 - (-2 - 2)?
1
(3 + -2 - (6 - 7)) + 0
2
What is -7 + -1 + 0 + 7?
-1
0 + -7 + 11 - 3
1
Evaluate 2 + (-1 - (-3 + -1 + 1)).
4
What is 1 - -4 - ((0 - 6) + 8)?
3
Evaluate 3 - ((0 - 5) + (-24 - -28)).
4
(-2 - -3 - 7) + 1
-5
What is 5 - ((5 - -2) + -5)?
3
Calculate -1 + (5 - (15 + (0 - 5))).
-6
20 - (-7 - -20) - (3 - 1)
5
What is 5 - (2 + 2 + -1 + -3)?
5
What is 8 + (-1 - (1 + 1))?
5
What is (-3 - -3) + 5 + -1?
4
4 + 1 + -7 + 5
3
Calculate (-5 - -4) + 3 + -1 + 4.
5
What is (2 - (10 - 6) - -5) + 6?
9
What is the value of 8 + 1 - (1 - -2)?
6
What is the value of -8 - (-15 + (-1 - -2))?
6
What is the value of 2 + ((2 - 5) + 5 - 4)?
0
Evaluate -1 - (-2 + -1 + 5).
-3
What is the value of 8 + -17 - -8 - 4?
-5
Evaluate (-3 - -3) + 4 + 1.
5
(-7 - -10) + (0 + 1 - 1)
3
Evaluate -3 + -1 + 5 + 1 - 3.
-1
What is -1 - 4 - (-4 - (0 - -2))?
1
Calculate 3 - (8 + -1 - (-24 - -29)).
1
What is the value of 1 + (10 - (-8 - -29))?
-10
Evaluate -2 + -3 - (-6 + -3).
4
Calculate -8 - -2 - (15 - 16).
-5
-8 + 2 - (0 - (0 + 1))
-5
Evaluate (0 - (-1 - -1)) + -5.
-5
Calculate 0 + 1 - 4 - -7 - -1.
5
What is the value of 5 - (0 + 7 - 5)?
3
Calculate 4 - (-8 - (-2 + -2)).
8
(18 - 16) + (2 - 11)
-7
Evaluate -1 - (-1 - 1) - -1.
2
7 - (2 + 2 + 0) - 0
3
What is 2 + 2 + 2 - 4?
2
Calculate -4 + 2 + -11 + 9.
-4
What is the value of (8 - -1) + (-55 - -41)?
-5
Calculate (3 - (0 + 1)) + -2.
0
Calculate 13 + 0 + -9 + -12.
-8
Calculat